{"id":6147,"date":"2024-11-14T11:57:40","date_gmt":"2024-11-14T14:57:40","guid":{"rendered":"https:\/\/editorag12.com\/site\/?post_type=product&#038;p=6147"},"modified":"2025-09-30T09:17:15","modified_gmt":"2025-09-30T12:17:15","slug":"a-mulher-no-ministerio","status":"publish","type":"product","link":"https:\/\/editorag12.com\/site\/produto\/a-mulher-no-ministerio\/","title":{"rendered":"A Mulher no Ministerio"},"content":{"rendered":"","protected":false},"excerpt":{"rendered":"<p>Numa linguagem mais sens\u00edvel a Pastora Emma Claudia Castellanos chega ao cora\u00e7\u00e3o de cada mulher, de maneira especial \u00e0quelas que se sentem em segundo plano. Ela se destacou em diferentes \u00e1reas em sua vida: Como Senadora da Rep\u00fablica de Col\u00f4mbia, atualmente Embaixadora da Col\u00f4mbia na Rep\u00fablica do Brasil, excelente m\u00e3e, esposa e filha. Mas o que ela compartilha neste livro, \u00e9 que a maior satisfa\u00e7\u00e3o da sua vida foi a sua realiza\u00e7\u00e3o no minist\u00e9rio.<br \/>\nDurante mais quarenta anos tem estado ombro a ombro trabalhando com seu marido, o Pastor C\u00e9sar Castellanos. Ao seu lado descobriu que havia um lugar para ela no minist\u00e9rio, sem que o \u00eaxito de seu marido a ofuscasse. As verdades que ela apresenta neste livro ajudar\u00e1 a remover o v\u00e9u do entendimento de cada mulher para compreender a estrat\u00e9gia de Deus, e encontre seu lugar dentro do prop\u00f3sito divino: O minist\u00e9rio.<\/p>\n","protected":false},"featured_media":6148,"comment_status":"open","ping_status":"closed","template":"","meta":[],"product_brand":[],"product_cat":[65,47],"product_tag":[],"class_list":{"0":"post-6147","1":"product","2":"type-product","3":"status-publish","4":"has-post-thumbnail","6":"product_cat-emma-claudia-castellanos","7":"product_cat-livros","9":"first","10":"instock","11":"taxable","12":"shipping-taxable","13":"purchasable","14":"product-type-simple"},"_links":{"self":[{"href":"https:\/\/editorag12.com\/site\/wp-json\/wp\/v2\/product\/6147","targetHints":{"allow":["GET"]}}],"collection":[{"href":"https:\/\/editorag12.com\/site\/wp-json\/wp\/v2\/product"}],"about":[{"href":"https:\/\/editorag12.com\/site\/wp-json\/wp\/v2\/types\/product"}],"replies":[{"embeddable":true,"href":"https:\/\/editorag12.com\/site\/wp-json\/wp\/v2\/comments?post=6147"}],"wp:featuredmedia":[{"embeddable":true,"href":"https:\/\/editorag12.com\/site\/wp-json\/wp\/v2\/media\/6148"}],"wp:attachment":[{"href":"https:\/\/editorag12.com\/site\/wp-json\/wp\/v2\/media?parent=6147"}],"wp:term":[{"taxonomy":"product_brand","embeddable":true,"href":"https:\/\/editorag12.com\/site\/wp-json\/wp\/v2\/product_brand?post=6147"},{"taxonomy":"product_cat","embeddable":true,"href":"https:\/\/editorag12.com\/site\/wp-json\/wp\/v2\/product_cat?post=6147"},{"taxonomy":"product_tag","embeddable":true,"href":"https:\/\/editorag12.com\/site\/wp-json\/wp\/v2\/product_tag?post=6147"}],"curies":[{"name":"wp","href":"https:\/\/api.w.org\/{rel}","templated":true}]}}