{"id":5872,"date":"2024-11-14T11:32:04","date_gmt":"2024-11-14T14:32:04","guid":{"rendered":"https:\/\/editorag12.com\/site\/?post_type=product&#038;p=5872"},"modified":"2025-09-30T08:15:48","modified_gmt":"2025-09-30T11:15:48","slug":"52-estudos-para-celula-de-exito","status":"publish","type":"product","link":"https:\/\/editorag12.com\/site\/produto\/52-estudos-para-celula-de-exito\/","title":{"rendered":"52 Estudos para C\u00e9lula de \u00caxito"},"content":{"rendered":"","protected":false},"excerpt":{"rendered":"<div class=\"_66s2\">\n<div class=\"av2bsgq5\">Este livro lhe permitir\u00e1 desenvolver um ensinamento ungido e poderoso para compartilhar com aqueles que voc\u00ea esta conquistando para Deus. Ver\u00e1 como cada um dos assistentes amadurecer\u00e1 na sua rela\u00e7\u00e3o com Deus, ao ponto de transformar-se em lideres que aben\u00e7oar\u00e3o na\u00e7\u00f5es.<\/div>\n<\/div>\n<div class=\"_66s2\">\n<div class=\"av2bsgq5\"><\/div>\n<\/div>\n<p>&nbsp;<\/p>\n","protected":false},"featured_media":5873,"comment_status":"open","ping_status":"closed","template":"","meta":[],"product_brand":[],"product_cat":[46,47],"product_tag":[],"class_list":{"0":"post-5872","1":"product","2":"type-product","3":"status-publish","4":"has-post-thumbnail","6":"product_cat-cesar-castellanos","7":"product_cat-livros","9":"first","10":"instock","11":"taxable","12":"shipping-taxable","13":"purchasable","14":"product-type-simple"},"_links":{"self":[{"href":"https:\/\/editorag12.com\/site\/wp-json\/wp\/v2\/product\/5872","targetHints":{"allow":["GET"]}}],"collection":[{"href":"https:\/\/editorag12.com\/site\/wp-json\/wp\/v2\/product"}],"about":[{"href":"https:\/\/editorag12.com\/site\/wp-json\/wp\/v2\/types\/product"}],"replies":[{"embeddable":true,"href":"https:\/\/editorag12.com\/site\/wp-json\/wp\/v2\/comments?post=5872"}],"wp:featuredmedia":[{"embeddable":true,"href":"https:\/\/editorag12.com\/site\/wp-json\/wp\/v2\/media\/5873"}],"wp:attachment":[{"href":"https:\/\/editorag12.com\/site\/wp-json\/wp\/v2\/media?parent=5872"}],"wp:term":[{"taxonomy":"product_brand","embeddable":true,"href":"https:\/\/editorag12.com\/site\/wp-json\/wp\/v2\/product_brand?post=5872"},{"taxonomy":"product_cat","embeddable":true,"href":"https:\/\/editorag12.com\/site\/wp-json\/wp\/v2\/product_cat?post=5872"},{"taxonomy":"product_tag","embeddable":true,"href":"https:\/\/editorag12.com\/site\/wp-json\/wp\/v2\/product_tag?post=5872"}],"curies":[{"name":"wp","href":"https:\/\/api.w.org\/{rel}","templated":true}]}}